igit of p/21 + (-4)/(-6)?
8
Suppose 16 = 4*d + 8. Suppose 151 + 81 = d*l. Suppose 0 = -3*o + 4*k + 100, 5*o - 2*k - l = 46. What is the units digit of o?
2
Let g = -9132 + 32272. What is the units digit of g?
0
Let n = -42 - -7. Let g = 52 + n. What is the units digit of g?
7
Suppose q + 283 - 970 = 0. Let c = 1151 - q. What is the hundreds digit of c?
4
Let v = -39 - -51. Suppose v*n - 1007 = 3373. What is the hundreds digit of n?
3
Let n be (-8)/48*-3 - 3/6. Suppose n = 54*o - 73*o + 3097. What is the tens digit of o?
6
Suppose 0 = -s - 2*f + 23742 + 29796, -3*f + 374733 = 7*s. What is the tens digit of s?
3
Let c(z) = 44*z**2 - 21*z + 86. Let w(v) = v**3 - 5*v**2 + 7*v + 1. Let s be w(3). What is the units digit of c(s)?
6
Let u be -1 + 6/(24/(-20)). What is the tens digit of (60123/(-28))/(-7) - u/(-8)?
0
What is the units digit of -3 + (19088 - -25) + (1 - 0)?
1
Suppose 3*n + 2*v + 16 = 6*n, 5*n + v - 5 = 0. Suppose 5*z + 0*y = n*y - 1, z - 3*y + 8 = 0. Let i(h) = 22*h + 1. What is the units digit of i(z)?
3
Suppose -422 = -27*h + 2899. Suppose 4*v - 516 = -2*n, -n = -v - 0*v + h. What is the units digit of v?
7
Let b(d) = 495*d + 9 - 878*d + 469*d. What is the tens digit of b(3)?
6
Let x(z) = -3*z - 15. Let w(r) be the second derivative of -r**3/3 - 19*r**2 + 20*r. Let s be w(-16). What is the units digit of x(s)?
3
Let d(w) = 22*w**2 + 17*w + 11. Let z(l) = l**3 + l**2 - 1. Let r(s) = -d(s) + z(s). Suppose 2*p = -p + 66. What is the units digit of r(p)?
8
What is the hundreds digit of -2241*(0 - -3)/(((-56)/(-14))/(-4))?
7
Let x(a) = 3*a**2 + 4*a - 1. Let w be x(2). Suppose 22*v - 228 = w*v. Let i = -51 + v. What is the units digit of i?
5
Let x = -2149 + 2384. What is the tens digit of x?
3
Let r be ((-240)/(-160))/(1/(-2)). Let y(i) = -2*i**3 - 4*i**2 + 5*i + 14. What is the units digit of y(r)?
7
What is the units digit of 41*1618 + 75/(-250) + 23/10?
0
Suppose 0 = -2*l - 3*o + 68398, -3*l = o - 129860 + 27291. What is the units digit of l?
7
Let b(r) = -15*r**3 - 9*r**2 - 21*r - 165. What is the thousands digit of b(-15)?
8
Let b be (-8)/(-88) - (-960)/88. Let j be 3*(-3)/(-9) - 67. What is the tens digit of b/j + 523/6?
8
Suppose 4 + 6 = 5*j, -5*n + j = 4532. Let m = n - -1287. What is the units digit of m?
1
What is the tens digit of (700/84 + 12/9)*141?
6
Let i be (-5)/(-10) + -2*9119/(-4). Suppose 4351 + i = 19*x. What is the units digit of x?
9
Let j(p) = 957*p**2 + 84*p - 241. What is the units digit of j(3)?
4
Suppose 0 = 9*u - 4*u - 30. Suppose 1408 = u*h - 278. What is the units digit of h?
1
Let q be 25/15 + (-200)/30. What is the hundreds digit of q + 1031 - (6 + -11)?
0
Let j(r) = -10*r**2 + 26*r - 3. Let b(m) = -9*m**2 + 27*m - 4. Let s(x) = -4*b(x) + 3*j(x). Let t(a) = -a + 14. Let v be t(7). What is the units digit of s(v)?
1
Let c be ((-57)/12 - -3)/((-6)/(-24)). Let b be 1/5 + c/((-35)/2474). Suppose 13*v - 10*v = b. What is the hundreds digit of v?
1
Let v(g) = 389*g - 855. Let t be v(3). Suppose 4*n = -0*n - 772. Let c = t + n. What is the units digit of c?
9
Let o(y) = y. Let p be o(3). Suppose -18 = -v - 2*v - p*w, v - 2*w - 3 = 0. Suppose v*g = 8*g - 24. What is the units digit of g?
8
Let w(h) = -57*h**3 - h**2 + 2*h + 3. Suppose 0 = -5*m + 5*f - 15, -2 = 3*m - 5*f + 11. Let p be -2 + 4 - m - 4. What is the tens digit of w(p)?
5
Let v = -51 - -145. Suppose -33 = 2*y + 131. Let p = y + v. What is the units digit of p?
2
Suppose p = 3*p - 6. Let o = -135 - -140. Suppose 792 = p*a + o*a. What is the units digit of a?
9
What is the hundreds digit of ((-149495)/(-116))/((-7)/(-252))?
3
Let z = -29877 - -53003. What is the tens digit of z?
2
Let m be ((-2186)/(-12))/((-26)/52)*3. Let r = 2985 + m. What is the hundreds digit of r?
8
Suppose 0 = 4*i - 6*i + 14. Suppose 3*v + 392 = i*v. What is the tens digit of v?
9
Suppose 0 = -2*y + 5*f - 10, -4*f + 5*f - 2 = -y. Let t = 31 - y. Suppose 6 = -3*v, 3*u = -5*v + t + 34. What is the units digit of u?
5
Let j be (-20)/(-10) + 5 + 0. Suppose 7*q - 113 - 832 = 0. Suppose -j*m = 3*v - 2*m - 397, v - m = q. What is the tens digit of v?
3
Let r = 6849 + -1667. What is the tens digit of r?
8
Let v(q) = 280*q**2 - 38*q - 291. What is the ten thousands digit of v(-7)?
1
Let f(d) = 40*d**2 + 63*d - 62. Let v be f(1). Suppose v*t - 11*t = 2340. What is the tens digit of t?
7
Let l(v) = -22 - v + 20 + 3*v - 29 + 11*v**2. What is the tens digit of l(9)?
7
Let j = 51 + -7. Suppose 31*b = -178*b - 8778. Let l = j - b. What is the units digit of l?
6
Suppose 0 = -2*b - 5*b + 35. Suppose 2 = m, 11 = x - b*m - 160. What is the hundreds digit of x?
1
Let a be 2/6 - (-2154)/18. Let z = -62 + a. Suppose 5*p = z + 67. What is the units digit of p?
5
Suppose 0 = -s + 25 - 6. Let k(d) = 3*d + 188. Let l(m) = -5*m - 424. Let w(h) = 9*k(h) + 4*l(h). What is the tens digit of w(s)?
2
Suppose -4*y - 2*i + 68266 = 0, -4*y - 413*i + 414*i = -68257. What is the thousands digit of y?
7
Let r(q) = -459*q**3 + 3*q**2 + q - 1. Let y be r(-1). Suppose 8*p = 12*p - y. What is the hundreds digit of p?
1
Let q(b) be the third derivative of -7*b**4/12 - 9*b**3/2 - 13*b**2. Let s be q(-4). Suppose 4*o - 2*i - 69 = s, -i = -4*o + 97. What is the tens digit of o?
2
Let q = -1065 + 3853. What is the hundreds digit of q?
7
Let a = -17185 + 24359. Suppose -a = -41*l + 11235. What is the units digit of l?
9
Let z(s) = 5*s**3 - s**2 - 2*s + 1. Suppose 0 = -3*f, v - 1 = -3*f - 3. Let o be z(v). Let i = o - -67. What is the units digit of i?
8
Suppose 0 = -5*j - s + 26848, 3*j - 9*s + 7*s = 16101. What is the hundreds digit of j?
3
Let w = -431 + 436. Suppose -w*g = -v - 2314 - 606, g = 4*v + 584. What is the hundreds digit of g?
5
Let x(j) = j**3 + j**2 - 5*j - 3. Let g be x(-2). Suppose 2*t - 20 = -g*t. Suppose 2*i - 243 = -5*b, 5*b + 22 - 273 = -t*i. What is the units digit of b?
7
Suppose -8*g = -3*g - 25, -3*p + 10063 = 2*g. What is the tens digit of p?
5
Let x = -48767 + 111924. What is the ten thousands digit of x?
6
Let w(z) = 50*z + 185. Let f(x) = -x**3 - 9*x**2 - 13*x - 12. Let v be f(-8). What is the units digit of w(v)?
5
Suppose -11 = -2*q + 3*l + 6, -q - 5*l + 2 = 0. Suppose 0 = -5*k - 3*j + 2461, 4*j = 1 + q. What is the tens digit of k?
9
Let w(l) = l**3 + 27*l**2 + 49*l + 58. Let h = -636 + 615. What is the thousands digit of w(h)?
1
Suppose 0 = -6*u + 24. What is the tens digit of 61 + ((4 - 9) + u - 1)?
5
What is the units digit of ((-3678)/(-9))/((-544)/1953 + 206/721)?
9
Let a(i) = -2*i**3 - 62*i**2 + 55*i + 57. Let k be a(-32). Suppose -978 = -6*b + 3*b + 4*h, -b + k = 5*h. What is the hundreds digit of b?
3
What is the tens digit of (9 - 28)*(-6 + 4 + -377)?
0
Let h(m) = m**3 - 6*m**2 + 14*m - 10. Let v be h(7). Suppose 148*z - 165 = v*z. What is the units digit of z?
5
Suppose -11*w + 16 = -3*w. Let o(z) = 11*z - 2 + w - 13. What is the tens digit of o(9)?
8
Suppose 3*h = -4*x + 224, -131 = 5*h - 3*x - 514. Suppose 3*z - 167 = -5*l, 4*l - h = -4*z + 64. Suppose 35*y = l*y + 172. What is the tens digit of y?
4
Suppose 0 = 9*j + 1102 - 4981. Let v = -315 + j. What is the hundreds digit of v?
1
Suppose 18*m - 17*m - 3 = 0. Let k = m + 0. Suppose -5*p + k*f = -306, 0*p = 3*p - 2*f - 184. What is the tens digit of p?
6
Let l = -113 + 117. Suppose 2*r - 650 = 5*i, 5*r - 1565 = l*i + 77. What is the hundreds digit of r?
3
What is the thousands digit of -7668*(-30)/(-4)*(319/55 - 6)?
1
Let a(k) be the third derivative of -k**5/60 - 7*k**4/12 + 7*k**3/2 + 12*k**2. Let w be a(-14). What is the units digit of 1148/w*(-6)/(-4)?
2
Suppose 0 = 43*t - 8839 - 217384. What is the hundreds digit of t?
2
Let c = 8370 + -4566. What is the hundreds digit of c?
8
Let j(w) = -31*w**2 - 10 + 41*w - 4*w**3 - 1 + 2 - 54*w. What is the hundreds digit of j(-8)?
1
Suppose -38 - 4 = -14*s. Suppose 0 = -5*q - 5*l + 235, 2*l = -q - s*q + 192. What is the units digit of q?
9
Suppose t + 7 = -0*x - x, 5*t + 2*x + 26 = 0. Let w(d) = -72*d - 23. What is the hundreds digit of w(t)?
2
Let m(t) = -12*t**3 - t**2 - 12*t + 21. Let d be m(4). Let w = -454 - d. What is the units digit of w?
7
Suppose 64*p = 96*p - 97408. What is the thousands digit of p?
3
Let g = -5635 - -14994. What is the tens digit of g?
5
Suppose 0 = -71*x + 6